e -2*p - o = -231, p + 40*o - 36*o = 91. What is the remainder when p is divided by 18?
11
Let u be (-1)/(-1 + 2 + -2). Let j(v) = 4*v**2 + 195*v + 564. What is the remainder when j(-46) is divided by 8 + u + 2/2?
8
Let s(a) = a**2 + 20*a + 21. Let w be s(-15). Let m = 66 + w. Calculate the remainder when m is divided by ((-24)/(-15))/(2/10).
4
Let d = -201 - -204. Suppose -d*x + 135 = 87. Calculate the remainder when 60 is divided by x.
12
Let y(h) = 2*h**3 - 26*h**2 + 3*h - 34. Let m be y(13). Suppose -m*w = 12*w - 833. What is the remainder when w is divided by 36?
13
Suppose 7*l - 60 = 101. Suppose -l*a - 13 = -24*a. What is the remainder when 205 is divided by a?
10
Suppose -2*f + 1 + 22 = w, w - f - 17 = 0. Let v be ((-9)/6)/((-2)/144) + 3. Let x = v - 19. Calculate the remainder when x is divided by w.
16
Let h(r) = 165*r - 3163. Calculate the remainder when 561 is divided by h(20).
13
Suppose 796 = 83*q + 49. Calculate the remainder when 7970 is divided by q.
5
Suppose -5*j - 222 = -417. What is the remainder when 3754 is divided by j?
10
Calculate the remainder when -40*((-22)/15 + 312/(-234)) is divided by 31.
19
Let g = -1896 - -3936. Suppose 18*j - 35*j + g = 0. What is the remainder when j is divided by 43?
34
Let j be ((-30)/(-25))/(6/40). Suppose 11*c = j*c. Suppose 4*d - l = 89, d + 2*l = -c*l + 11. What is the remainder when 80 is divided by d?
17
Let y(u) = 62*u + 1031. What is the remainder when 989 is divided by y(-16)?
14
Let h be (1 + 28/(-10))*-15. Let l = h - 9. Suppose 0 = 2*a - 7*a - 25, 3*m - 104 = a. Calculate the remainder when m is divided by l.
15
Let n = 117 - 105. Suppose -r = r - n. What is the remainder when 23 is divided by r?
5
Let w = 34 - 31. Calculate the remainder when 44 is divided by ((-1)/w)/((-18)/918).
10
Let x = 38 - 38. Suppose 9*u - 4*u - 45 = 0. Suppose x = -2*y + 3*j + 9, -j + 16 = 4*y - u. Calculate the remainder when 17 is divided by y.
5
Suppose 10 = 3*a - 5*k - 8, 5*a - k - 8 = 0. Let r be 119 + -5*a/(-5). Suppose -6*o - 3 = -5*o, -r = -4*v - 4*o. What is the remainder when 129 is divided by v?
30
Suppose 566*g - 678744 = 2456896. What is the remainder when g is divided by 1383?
8
What is the remainder when 749 is divided by 10/3*(-6480)/(-288)?
74
What is the remainder when (2/1)/(((-80)/(-25312))/5) is divided by 32?
28
Suppose 14*k = 15637 + 9451. What is the remainder when k is divided by 26?
24
Let i = 12658 - 12243. What is the remainder when i is divided by 253?
162
Let l = -2 + 1. Let x be (4 - l)*1078/(-35). Calculate the remainder when (-10 - x)/(3/2) is divided by 33.
30
What is the remainder when 588/(-735) - (-10329)/5 is divided by 94?
91
Suppose -2*h - 34 = -106. Suppose v = 5*q - h - 19, 0 = v. Let c = -297980 - -298041. What is the remainder when c is divided by q?
6
Let c be (-8*(-114)/(-9))/((-20)/60). Let j = 494 - c. Calculate the remainder when j is divided by 13.
8
Suppose 856 = -3*h + 7*x - 9*x, -h - 281 = 5*x. Let q = h + 310. What is the remainder when 187 is divided by q?
19
Suppose 3*n - 4*n = -46. Let j = 16 + n. Calculate the remainder when j is divided by ((-10)/(-15))/(-2 + 384/189).
20
Let a(r) = 22*r**2 + 88*r - 510. What is the remainder when 3243 is divided by a(6)?
3
Calculate the remainder when 690 is divided by 10/85 + (-162909)/(-1173).
134
Calculate the remainder when 15731 is divided by ((-8)/(-10))/(((-336)/18480)/((-3)/11)).
11
Suppose 2*q + 160 = -73*s + 75*s, -5 = 5*q. What is the remainder when s is divided by 28?
23
Let m(p) = 13*p + 1072. Calculate the remainder when 3035 is divided by m(-78).
19
Let p = -2079 - -2101. What is the remainder when p is divided by -1 + (-3)/(6/(-22))?
2
Suppose 0*i + 2*i + 206 = 0. Let p = i - -113. Suppose -9*u = -p*u + 10. What is the remainder when u is divided by 3?
1
Let j = -25 + 15. Let t(o) = o**3 + 10*o**2 - o - 8. Let d be t(j). Suppose u + 4 = -3*n, 0*u + d*n = -4*u + 34. What is the remainder when u is divided by 3?
2
Suppose -3*t = -14 - 13. What is the remainder when 52 is divided by 1850/45 - 3 - 1/t?
14
Let s = -22256 - -22318. Calculate the remainder when 616 is divided by s.
58
Suppose -4*q - 39*q = -17200. Calculate the remainder when q is divided by 107.
79
Let n(v) = 2*v**2 - 113*v + 120. What is the remainder when 120 is divided by n(56)?
56
Let c = -44 - -19. Let q = 16 + c. What is the remainder when (-1)/(-3)*90/q*-6 is divided by 4?
0
Suppose v - 4*r - 10 = -3, 4*v + 3*r = 85. What is the remainder when 48 is divided by v?
10
Suppose 4*f + c - 7 = 7*f, 2*c = -5*f - 8. Let p(j) = -2*j**3 + 4*j. Let y be p(f). Calculate the remainder when (30/y + -3)*(0 - -8) is divided by 1.
0
Let c = 24 - -70. Let r be 12/10*2090/(-33). What is the remainder when c is divided by 6/(-2 - r/32)?
14
Let l(z) = -4*z**2 + 61*z + 6. Calculate the remainder when 710 is divided by l(9).
17
Suppose 57*u - 50*u = 1995. Suppose -n - 227 = -5*n + k, 0 = 5*n - k - u. What is the remainder when 231 is divided by n?
57
Suppose 9 - 89 = -2*j. Let f be (-5)/55 + 930/(-55). Let d = f - -38. What is the remainder when j is divided by d?
19
Suppose -10*a = 38 - 18. Let r be 0*(-1 - 2)/(-6) + a. What is the remainder when 49 is divided by (-4)/r + 24 + -22 + 22?
23
Suppose -34*o - 3*f + 4556 = -29*o, 4*o - 2*f - 3636 = 0. What is the remainder when o is divided by 229?
223
Suppose 5*g - 42 = 103. Let s be -3 + 1 - (-3 - 48)*1. What is the remainder when g is divided by (-28)/(-6)*(21/s - -3)?
13
Suppose u + 0*u - 14 = 0. Let w be ((-3)/(96/112))/((-2)/12). Suppose -76*g + 77*g - w = 0. What is the remainder when g is divided by u?
7
Suppose f - 5*f - 18 = -i, -4*i = -5*f - 39. Let x(a) = 11*a - 120. Let s be x(30). Suppose -12*q + 126 + s = 0. Calculate the remainder when q is divided by i.
4
Suppose t = -1 + 9. Let z(a) = -204*a**3 + a**2 + 4*a + 2. Let w be z(-1). Suppose 0*q = -7*q + w. What is the remainder when q is divided by t?
5
Let u = 18105 + -17957. Calculate the remainder when 1933 is divided by u.
9
Suppose -7*d + 70 = -2*d. Suppose -4*x - d*p - 682 = -9*p, -4*p = 2*x + 338. Let w = -57 - x. What is the remainder when w is divided by 30?
26
Let b be 11/(66/(-6390)) + -3. Let i be (-3)/(-12)*2*2. What is the remainder when ((-3)/(-9))/(i*(-4)/b) is divided by 10?
9
Suppose 0 = 14*g - 116 - 766. Calculate the remainder when 508 is divided by g.
4
Suppose -5*a + 1398*r + 20789 = 1399*r, -4*a - r = -16631. What is the remainder when a is divided by 32?
30
Suppose -50*q = a - 46*q - 5247, -2*a - 5*q = -10518. Calculate the remainder when a is divided by 24.
23
Suppose -j - 104 = -2*m - 4*j, -m - 2*j = -53. Let o = m + 0. What is the remainder when o is divided by 5?
4
Let j(l) be the second derivative of l**4/12 + l**3/6 - 8*l**2 - 25*l. Let f be j(4). Let m = f - -35. What is the remainder when m is divided by 19?
1
Suppose 4*n - 29151 = -5*u, -75*u = -4*n - 73*u + 29102. What is the remainder when n is divided by 70?
69
Let j be 92/(-69)*(-10)/4*48. Suppose -3*h + j = -215. Calculate the remainder when h is divided by 26.
21
Suppose -13662*t = -13654*t - 3984. Calculate the remainder when t is divided by 262.
236
Let t be (28 + -14)*(-3)/6. Suppose 3*j + 3*i - 87 = 0, 2*j = -j - 4*i + 88. What is the remainder when (-5 - (-511)/(-49))*t is divided by j?
24
Suppose 2*v - 2060 = -8*v. Suppose -a = 5*x - 3*x - 67, -5*x + v = 3*a. Calculate the remainder when a is divided by 21.
14
Suppose 0 = 5*u - 22 - 3. Suppose 2*d - 5*l + 75 = u*d, 8 = d - 4*l. What is the remainder when 39 is divided by d?
19
Suppose 0*p + 3*p = 0. Let m = p + -21. Calculate the remainder when 13 is divided by ((-12)/m)/((-6)/(-42)).
1
Suppose -10*i - 4491 = -19*i. Suppose -i - 165 = -8*g. What is the remainder when g is divided by 22?
17
Let h = -50 - -66. Let s = 30 + -24. Let b = s + 38. Calculate the remainder when b is divided by h.
12
What is the remainder when 1538 is divided by 122/12 + ((-495)/54 - -9)?
8
Let k(b) = -b**3 + 6*b**2 - 3*b - 4. Suppose 0 = 20*a - 1459 + 99. Calculate the remainder when a is divided by k(5).
2
Suppose t + 4*s = -3*t - 28, 5*t - 4*s = -71. Let n(j) = -15*j + 322. Let i be n(12). Let k = i + t. Calculate the remainder when k is divided by 17.
12
Let p = -620 + 1102. Suppose -6*m + 112 + p = 0. Calculate